t b be f(-12). List the prime factors of k(b).
3
Let v(z) = 138*z**2 + z + 2. List the prime factors of v(-1).
139
Let v(k) = k**3 - 8*k**2 + 2*k - 5. Let u(y) = y**2 + 5*y + 2. Let z be u(-6). What are the prime factors of v(z)?
11
Suppose 8*a = v + 3*a - 42, v - 15 = -4*a. Let u = v + -19. List the prime factors of u.
2
Suppose 8*x + 345 = 2161. List the prime factors of x.
227
Let c(l) = -15*l - 5. List the prime factors of c(-3).
2, 5
Let q(u) = -1. Let x(a) = 2*a**2 + 2*a - 4. Let c(f) = -4*q(f) + x(f). Suppose -4*b - 3 - 9 = 0. List the prime factors of c(b).
2, 3
Let q be -1 - (-25)/1 - 3. Suppose 3*n + q = 63. List the prime factors of n.
2, 7
Suppose -2*u = -2*o + 10, 4*u + 5 = 2*o - 7. Suppose -2*n = -s - 2, o*s + 0*n = n + 6. List the prime factors of s.
2
Let b = 154 + -81. List the prime factors of b.
73
Suppose 2*t + 39 = 3*t. Suppose 4*a = 4*k + 6 - 58, 3*k - 4*a - t = 0. Let f = 31 - k. List the prime factors of f.
2, 3
Suppose 0 = -3*o - o - r - 67, -65 = 5*o - 5*r. Let u = o - -31. What are the prime factors of u?
3, 5
Suppose o + 3*d - 25 = 0, 2*o + 34 = 4*o - 2*d. List the prime factors of o.
19
Suppose 0 = 2*g + 2*u + 3*u, 2*g = 4*u + 18. Let q be (4/g)/(5/25). Suppose q*m = -12, -3*d - m = -5*m - 24. List the prime factors of d.
2
Let p = -52 - -147. What are the prime factors of p?
5, 19
Suppose 3*d - 70 = d. Let v = d + -17. What are the prime factors of v?
2, 3
Let x = -3 - -5. Suppose 0 = -2*t + 3*q - 6 - 4, -2*t + 4*q = 12. What are the prime factors of x - (-11 - (-2 - t))?
13
Let x = -21 + 27. List the prime factors of x.
2, 3
Let j(g) be the third derivative of 0 - 1/60*g**5 + 1/6*g**3 + 0*g + 1/4*g**4 + g**2. List the prime factors of j(5).
2, 3
Let q = 134 - -32. List the prime factors of q.
2, 83
Let k(g) = g**3 - 10*g**2 - 2*g + 24. List the prime factors of k(11).
3, 41
Let j be (-126)/(-5) - (-3)/(-15). Suppose -w = 2*t - 21, 3*t - w - 4 = j. What are the prime factors of t?
2, 5
Suppose 5*o = o + u + 254, -5*o + 5*u + 310 = 0. Suppose 0 = 4*i - 2*p - 66, 4*i - 5*p - o = -p. List the prime factors of i.
17
Let b(k) = -k**2 - k + 3. Let v be b(0). Let o be v + (9*13)/(-3). What are the prime factors of (-8)/o - (-338)/18?
19
Let i(h) = 7*h**2 - h + 2. Let g be i(3). Suppose 5*o - 25 = 4*j + g, -5*j - 66 = -4*o. List the prime factors of o.
19
Suppose -26*v + 23*v = -72. List the prime factors of v.
2, 3
What are the prime factors of (-16)/12*(270/4)/(-3)?
2, 3, 5
Suppose -5*u = -10 - 5. Suppose 0 = 4*t + 16, u*y = 4*t + 11 + 71. List the prime factors of y.
2, 11
Suppose g - 6*g + 15 = 0. Suppose -g*y + 10 = -2*m - 0, -25 = 5*y + 5*m. Suppose -2*z + 0*z + 12 = y. List the prime factors of z.
2, 3
Let t be -6*-2*(-3)/(-12). Suppose -10 - 68 = -t*p. What are the prime factors of p?
2, 13
Let x(c) = -c + 1. What are the prime factors of x(-5)?
2, 3
Let y(q) = q**2 + 5*q + 7. Let z = 3 + -9. Let g be y(z). Suppose k - g = -6. What are the prime factors of k?
7
Let t = 18 + -3. Suppose -4*s + 53 = -t. List the prime factors of s.
17
Suppose -2 = -2*i - 0. Suppose 2*z - 5*g = 4, -i = 2*g - 5. List the prime factors of z.
7
List the prime factors of (12/10)/(6/20).
2
Let j(z) = -z**3 + 7*z**2 - 7*z + 1. Let w be j(6). Let x = w + 5. List the prime factors of x + 13 - (0 - -2).
11
Let y be (-732)/(-5) - (-2)/(-5). Suppose -2*h + y + 48 = 0. Suppose 0 = 5*j - h + 37. What are the prime factors of j?
2, 3
Let o be (18/12)/((-2)/(-4)). Suppose -80 = 3*z - 8*z - o*r, -z = r - 18. Suppose 0 = -3*m + 2*m + z. List the prime factors of m.
13
Let j(m) = m**3 - m**2 + m + 5. Let v be j(0). Suppose 2*w = -4*l - 8, -v*w = -2*l + 4*l + 20. List the prime factors of l - 2*-1*2.
2
Let n = -15 + 18. Suppose -n*y + 16 = -2*y. List the prime factors of y.
2
Let x(s) = 2*s - 5. Let a be x(4). Suppose -4 = -4*n + a*n. What are the prime factors of n?
2
Suppose 4*z - 54 = 2*z - l, -4*l + 100 = 4*z. Suppose f - z = -5*r - 0*f, 0 = 3*r - 5*f + 5. Suppose -r*n + 33 + 62 = 0. What are the prime factors of n?
19
Suppose 0 = -8*v + 9*v - 165. What are the prime factors of v?
3, 5, 11
Suppose -5*c + 9300 = 705. Let x be c/63 - (-4)/(-14). Let g = x + -15. List the prime factors of g.
2, 3
Suppose 13*c - 10*c - 186 = 0. What are the prime factors of c?
2, 31
Let r be 3 + (-4 - 0 - 129). Let t = -92 - r. What are the prime factors of t?
2, 19
Let m be -1 + (-6)/3 + 7. Let i = m + -2. What are the prime factors of i?
2
Let i(o) = 9*o + 1. Let n be i(5). Suppose 19 + n = 5*d. What are the prime factors of d?
13
Let x(q) = -1 + 1 + 5*q**2 - 4*q. Let s(t) = 11*t**2 - 8*t + 1. Let m(y) = -4*s(y) + 9*x(y). List the prime factors of m(6).
2
Suppose i - 6*i = l + 11, 3*i - 33 = -5*l. What are the prime factors of l?
3
Let l = 0 + 0. Suppose l*d - 24 = -4*d. List the prime factors of d.
2, 3
Let k = 34 - 29. Suppose c = -k*v + 15 + 12, -5*v - 3*c = -21. What are the prime factors of v?
2, 3
Let z(w) = -w**2 + 6*w - 4. Let b be z(5). Let y be -2 + 0 + b - -4. Suppose d - y = -0. List the prime factors of d.
3
Suppose -3*q + 4 = d, 0*d - 31 = 5*d - 2*q. Let y = d + 7. Suppose 5*h - 60 = -5*j, 4*h - j = -y*j + 42. List the prime factors of h.
2, 5
Let t be 1/4 + 1/(-4). Suppose -3*b + 3 = 3*g, t - 4 = g. What are the prime factors of 0 - -9 - (b - 6)?
2, 5
Let m = 115 + -50. What are the prime factors of m?
5, 13
Let w(g) = g**2 + 1. Let v(m) = -m**3 + m + 1. Let u(d) = 2*v(d) - 2*w(d). List the prime factors of u(-2).
2
Let s(j) = -j + 11. Let h be s(5). Let x = h - 1. What are the prime factors of x?
5
Suppose 0 = 36*m - 41*m + 245. What are the prime factors of m?
7
Let a(i) be the first derivative of -i**4/4 + 4*i**3/3 + i**2 - 3*i - 2. List the prime factors of a(4).
5
Let l = 136 + 21. List the prime factors of l.
157
Let a = -59 - -102. List the prime factors of a.
43
Suppose 0 = 4*k - 5*x - 88, 3*k - 66 = -3*x + 27. List the prime factors of k.
3
Let p(l) = l + 29. Let k(g) = -2. Let f(q) = -22*k(q) - 2*p(q). What are the prime factors of f(-11)?
2
Let b(s) be the second derivative of -s**5/20 + s**4/4 + 7*s**3/6 - 3*s**2 - s. Suppose -g = 4*g - 20. List the prime factors of b(g).
2, 3
Let d(t) = 2*t + 2. Let w be d(5). Suppose -a - m - 2*m = -w, 4*m - 9 = a. List the prime factors of a.
3
Let o(s) = 7*s**2 - 9*s - 7. List the prime factors of o(-5).
3, 71
Let h(j) = 6*j - 2. Let y(x) = 5*x - 3. Let i(g) = 6*h(g) - 7*y(g). What are the prime factors of i(0)?
3
Let r(d) = d**3 + 13*d**2 + 10*d + 14. List the prime factors of r(-11).
2, 73
Suppose -15 = 2*u - 5*u. Suppose u = c - 36. What are the prime factors of c?
41
Let d = 14 + -9. Suppose 0 = d*i - 4 - 21. Suppose y = -5*x - 0*y + 10, -5*x + i*y = -10. What are the prime factors of x?
2
Let y = -8 + 11. Suppose 5*m - 5*j - 65 + 10 = 0, -m + 8 = 2*j. Let s = m - y. List the prime factors of s.
7
Let s(o) = o + 2. Let w be s(2). Let g(q) = 6*q + w*q**2 - 3*q - 4*q + 3*q + 1. What are the prime factors of g(-1)?
3
Suppose 8*w = 5*w + 2*g + 611, 3*w - 3*g = 612. What are the prime factors of w?
7, 29
Suppose 0*t + 3*t = -4*v - 11, 2 = -v - t. Suppose 4*i + 3 = -1. List the prime factors of (-2 - (i + v)) + 1.
5
Suppose 4*z + 24 = -5*a + 2, 2*a + 5*z + 19 = 0. Let j be a/6 + 192/9. Suppose -3*t + j = 3. What are the prime factors of t?
2, 3
Let p = 68 - 104. Let i = p - -51. What are the prime factors of i?
3, 5
Let w = -173 + 270. What are the prime factors of w?
97
Suppose j + 1 = 3. List the prime factors of (j/5)/(1/55).
2, 11
Suppose m + 5 = 1, -3*i + 86 = -2*m. What are the prime factors of i?
2, 13
Suppose 14 = -4*r + 82. What are the prime factors of r?
17
Let p(n) = 2 + 0*n + n - 2*n - n**2. Let g be p(-2). Suppose 2*s = -g*s + 14. What are the prime factors of s?
7
Let l(x) = x. What are the prime factors of l(2)?
2
List the prime factors of (15/10)/((-1)/(-4)).
2, 3
List the prime factors of (1 - (9 - 5)) + 145*1.
2, 71
Suppose 2*i + c = 561, -36 = -2*i - 2*c + 526. What are the prime factors of i?
2, 5, 7
Let k(g) = -g + 3. Let v be k(3). Suppose -4*n - 4*h - 9 = -33, 0 = 2*h - 8. Suppose v*o = n*o - 20. What are the prime factors of o?
2, 5
What are the prime factors of (-22)/(8/(-3) - -2)?
3, 11
Let m(v) = -2*v**3 + 3*v**2 - 4*v + 2. Let r be m(2). List the prime factors of 8/r*(-45